the millions digit of 2074376?
2
What is the millions digit of 1137946?
1
What is the ten thousands digit of 10582127?
8
What is the tens digit of 5504763?
6
What is the millions digit of 1196616?
1
What is the thousands digit of 1998189?
8
What is the tens digit of 496495?
9
What is the ten thousands digit of 3423955?
2
What is the ten thousands digit of 189120?
8
What is the units digit of 2653803?
3
What is the hundreds digit of 195339?
3
What is the ten thousands digit of 1133453?
3
What is the tens digit of 1722916?
1
What is the ten thousands digit of 684132?
8
What is the tens digit of 1340140?
4
What is the hundred thousands digit of 12383238?
3
What is the millions digit of 1132403?
1
What is the units digit of 781019?
9
What is the hundred thousands digit of 1705901?
7
What is the thousands digit of 13639090?
9
What is the units digit of 8582071?
1
What is the units digit of 8304263?
3
What is the hundred thousands digit of 8067526?
0
What is the tens digit of 113252?
5
What is the hundreds digit of 41260?
2
What is the thousands digit of 875000?
5
What is the tens digit of 5575340?
4
What is the hundred thousands digit of 10217908?
2
What is the hundreds digit of 24257713?
7
What is the hundreds digit of 8814499?
4
What is the hundred thousands digit of 3546401?
5
What is the thousands digit of 4122410?
2
What is the hundred thousands digit of 1219740?
2
What is the hundreds digit of 10403405?
4
What is the thousands digit of 5546208?
6
What is the hundreds digit of 168280?
2
What is the units digit of 3815918?
8
What is the ten thousands digit of 819920?
1
What is the millions digit of 3280065?
3
What is the tens digit of 138379?
7
What is the units digit of 600164?
4
What is the units digit of 681778?
8
What is the ten thousands digit of 2624127?
2
What is the hundred thousands digit of 11969120?
9
What is the ten thousands digit of 6310632?
1
What is the hundreds digit of 311588?
5
What is the ten millions digit of 40883138?
4
What is the tens digit of 5725391?
9
What is the tens digit of 387433?
3
What is the units digit of 705643?
3
What is the thousands digit of 2652424?
2
What is the thousands digit of 14924222?
4
What is the units digit of 2921989?
9
What is the millions digit of 5419818?
5
What is the thousands digit of 134528?
4
What is the units digit of 226396?
6
What is the ten thousands digit of 512258?
1
What is the units digit of 3072655?
5
What is the hundred thousands digit of 1057983?
0
What is the units digit of 17228564?
4
What is the thousands digit of 10529439?
9
What is the thousands digit of 7824835?
4
What is the tens digit of 454032?
3
What is the tens digit of 603593?
9
What is the hundreds digit of 548449?
4
What is the hundred thousands digit of 8552199?
5
What is the millions digit of 4833258?
4
What is the ten millions digit of 28377621?
2
What is the units digit of 207773?
3
What is the units digit of 163511?
1
What is the ten thousands digit of 126385?
2
What is the ten thousands digit of 11505114?
0
What is the thousands digit of 375242?
5
What is the units digit of 10303938?
8
What is the units digit of 16486256?
6
What is the ten thousands digit of 21932050?
3
What is the thousands digit of 32513?
2
What is the units digit of 973201?
1
What is the thousands digit of 84301?
4
What is the thousands digit of 4722647?
2
What is the units digit of 7632388?
8
What is the thousands digit of 23333538?
3
What is the ten millions digit of 10416310?
1
What is the thousands digit of 11644525?
4
What is the hundreds digit of 278629?
6
What is the tens digit of 15483177?
7
What is the ten thousands digit of 543372?
4
What is the ten thousands digit of 2224878?
2
What is the tens digit of 425599?
9
What is the units digit of 16053?
3
What is the hundreds digit of 26666164?
1
What is the tens digit of 1688?
8
What is the hundred thousands digit of 242724?
2
What is the thousands digit of 133664?
3
What is the millions digit of 3849682?
3
What is the tens digit of 569325?
2
What is the ten thousands digit of 3435717?
3
What is the thousands digit of 186201?
6
What is the tens digit of 866259?
5
What is the millions digit of 24507072?
4
What is the hundred thousands digit of 2036944?
0
What is the units digit of 557857?
7
What is the ten thousands digit of 120886?
2
What is the thousands digit of 12603492?
3
What is the ten thousands digit of 746568?
4
What is the tens digit of 85206?
0
What is the ten thousands digit of 2080844?
8
What is the hundred thousands digit of 10859196?
8
What is the tens digit of 2628600?
0
What is the hundreds digit of 2095385?
3
What is the millions digit of 4244404?
4
What is the tens digit of 10886?
8
What is the hundreds digit of 7601450?
4
What is the ten millions digit of 19912565?
1
What is the thousands digit of 85939?
5
What is the hundred thousands digit of 20327160?
3
What is the hundreds digit of 778869?
8
What is the tens digit of 134268?
6
What is the hundreds digit of 7133884?
8
What is the hundred thousands digit of 2103035?
1
What is the millions digit of 7444809?
7
What is the units digit of 6721277?
7
What is the tens digit of 839178?
7
What is the thousands digit of 2090964?
0
What is the units digit of 1936036?
6
What is the units digit of 841273?
3
What is the hundred thousands digit of 283154?
2
What is the thousands digit of 388960?
8
What is the ten millions digit of 17949270?
1
What is the thousands digit of 2146392?
6
What is the ten thousands digit of 684699?
8
What is the ten thousands digit of 256480?
5
What is the hundred thousands digit of 24728015?
7
What is the units digit of 86282?
2
What is the thousands digit of 171376?
1
What is the thousands digit of 32238781?
8
What is the hundred thousands digit of 588065?
5
What is the millions digit of 1865934?
1
What is the tens digit of 2990311?
1
What is the millions digit of 2505437?
2
What is the millions digit of 4788229?
4
What is the hundred thousands digit of 1627682?
6
What is the hundreds digit of 145535?
5
What is the ten thousands digit of 443286?
4
What is the ten thousands digit of 284004?
8
What is the units digit of 336502?
2
What is the units digit of 5283215?
5
What is the thousands digit of 273378?
3
What is the units digit of 324487?
7
What is the thousands digit of 21003368?
3
What is the tens digit of 209087?
8
What is the thousands digit of 2599623?
9
What is the ten thousands digit of 1579619?
7
What is the hundreds digit of 2795030?
0
What is the ten thousands digit of 16631?
1
What is the hundreds digit of 15245294?
2
What is the hundred thousands digit of 2087543?
0
What is the tens digit of 5208219?
1
What is the units digit of 23982439?
9
What is the hundreds digit of 1160333?
3
What is the tens digit of 218699?
9
What is the ten thousands digit of 10071?
1
What is the hundreds digit of 103784?
7
What is the units digit of 872986?
6
What is the ten thousands digit of 515719?
1
What is the hundreds digit of 10595696?
6
What is the hundred thousands digit of 124820?
1
What is the ten thousands digit of 3263035?
6
What is the thousands digit of 10391466?
1
What is the thousands digit of 550120?
0
What is the tens digit of 11363269?
6
What is the tens digit of 5159224?
2
What is the units digit of 12228296?
6
What is the units digit of 7196506?
6
What is the tens digit of 4053949?
4
What is the ten thousands digit of 869590?
6
What is the hundred thousands digit of 2416275?
4
What is the millions digit of 1062398?
1
What is the millions digit of 6980961?
6
What is the units digit of 1182436?
6
What is the hundred thousands digit of 6010689?
0
What is the tens digit of 225940?
4
What is the ten thousands digit of 36305?
3
What is the units digit of 337019?
9
What is the hundred thousands digit of 285016?
2
What is the hundreds digit of 978302?
3
What is the units digit of 1265344?
4
What is the units digit of 2729238?
8
What is the millions digit of 4740294?
4
What is the units digit of 428634?
4
What is the thousands digit of 3750651?
0
What is the ten thousands digit of 11832?
1
What is the ten millions digit of 29926119?
2
What is the millions digit of 1591877?
1
What is the tens digit of 2469382?
8
What is the thousands digit of 5213533?
3
What is the ten thousands digit of 76